en (1 - (3 - 1)) + f is divided by 5?
4
Let y be (-56)/(-21) - 1/(-3). Suppose q = -x + 11, 0 = q - y*x - x + 4. What is the remainder when 28 is divided by ((-30)/q)/((-2)/8)?
13
Let i(g) = 2*g - 3. What is the remainder when 49 is divided by i(10)?
15
What is the remainder when 14 is divided by 2/(-12)*4*-6?
2
Let h = 73 - 55. Calculate the remainder when h is divided by 12.
6
Let o be 3 - ((-4)/(-4) - 3). Suppose o*b - 24 = 2*b. What is the remainder when 31 is divided by b?
7
Let o = 7 + -3. Let q = o - -8. Calculate the remainder when 47 is divided by q.
11
Suppose 4*r + 9 = -5*v - 0*r, 3*v - 4*r = 1. Let n be v/2 + (-25)/(-2). Suppose -n = m - 3*m. What is the remainder when 10 is divided by m?
4
Let f = -52 + 81. Calculate the remainder when 56 is divided by f.
27
Suppose 0 = -3*u + 26 + 37. Calculate the remainder when 60 is divided by u.
18
Calculate the remainder when 141 is divided by (-3)/((-2)/64*2).
45
Suppose -1 = -5*a - 3*t + 14, a = 5*t + 3. Let k = a + 13. Calculate the remainder when 61 is divided by k.
13
Let d(q) = q**3 + 5*q**2 + q + 7. Calculate the remainder when 17 is divided by d(-5).
1
Let c(k) = 5*k**2 + k - 2. Calculate the remainder when c(-3) is divided by (9/12)/((-3)/(-84)).
19
Suppose -6 = 3*q - v - 11, 0 = -q - 4*v + 6. Let h = 4 - 3. What is the remainder when q is divided by h?
0
Let q(u) = u**2 - u + 7. Let p be q(0). Suppose p = m - 7. Calculate the remainder when 40 is divided by m.
12
Suppose -y - 10 = 10. Let x = 31 + y. Calculate the remainder when 31 is divided by x.
9
What is the remainder when ((-7)/((-84)/45))/(9/120) is divided by 11?
6
Suppose -3 = 7*g - 6*g. Let k = g + 30. What is the remainder when k is divided by 0 + 1 - (-9 - 0)?
7
Let g(o) = -8*o - 4. Let k(z) = -12*z - 6. Let h(t) = -8*g(t) + 5*k(t). Let x be h(4). Let a = x - 7. Calculate the remainder when 21 is divided by a.
10
Let x(s) = s. Let k be x(0). Suppose k*c = 2*c - 16. What is the remainder when c is divided by 3?
2
Suppose 1 = -2*q + 3. Let x(a) = -2*a + a**2 - q - 2 + 5. Calculate the remainder when 8 is divided by x(3).
3
Let t(b) = -4*b + 34. Calculate the remainder when t(-8) is divided by 14.
10
Let a = -134 - -155. Suppose -26 = -5*u + 34. What is the remainder when a is divided by u?
9
Suppose -18 = 5*h - 8*h. Let g(a) = a**3 - 9*a**2 + 10*a - 11. Let u be g(8). Suppose u*y - 4 = 16. What is the remainder when h is divided by y?
2
Let k(s) = -s + 2. Let d = 7 + -5. Suppose w = d*w. What is the remainder when 3 is divided by k(w)?
1
Suppose 34*s = 29*s + 75. What is the remainder when 42 is divided by s?
12
Let x(u) = -3*u + 7*u - 1 + 2*u + u**2. What is the remainder when x(-7) is divided by 3?
0
Suppose -j + 2*c = -2 + 10, -2*j = -3*c + 11. Suppose -3*h + b = 12, 3*h - 5*b = j*h - 4. Calculate the remainder when h/(4/34*-1) is divided by 18.
16
Let m = 24 - 1. What is the remainder when 89 is divided by m?
20
Let m = 13 + -9. Calculate the remainder when m is divided by 3.
1
Let t = 21 - -4. What is the remainder when t is divided by 7?
4
Suppose 0 = 8*j - 7*j - 4. Suppose 3*f - 3*a - 29 = -2, j*a = -f + 19. What is the remainder when 65 is divided by f?
10
Let j(u) = -u**3 - 6*u**2 - 3*u. Suppose -2*h + 2*q = 16, 2*q + q = -4*h - 18. What is the remainder when j(h) is divided by (-50)/15*(-1 - 2)?
8
What is the remainder when 10 is divided by 4*(1/(-2) + 2)?
4
Suppose -17 = -2*f + j, j + 23 = 5*f - 21. Calculate the remainder when 14 is divided by f.
5
Let j(d) = d**2 - 2*d + 1. Let i = 8 - -17. Calculate the remainder when j(8) is divided by i.
24
Let v = 6 - 10. Let i = 8 + v. Suppose 3*u = i*u - 19. Calculate the remainder when 73 is divided by u.
16
Suppose 0 = -0*m - m + 5. Suppose -m*s = 3*w + 3, 0*w + 2*w - 23 = 5*s. Suppose -3 = -6*i + 51. What is the remainder when i is divided by w?
1
Let u(q) = q**3 + 4*q**2 - 11*q + 20. Calculate the remainder when u(-6) is divided by 7.
0
Let k(m) = m**3 - 7*m**2 + 5*m + 8. Let r be k(6). Suppose r*z = -3*z + 170. What is the remainder when z is divided by 9?
7
Let s(h) = 2*h. Let u be s(5). Let x = -5 + u. Calculate the remainder when x is divided by 4.
1
Suppose 2*d + j - 77 + 8 = 0, 3*d - j = 96. Suppose -7 = 2*n - d. Suppose -o - o + a = -19, -20 = 4*a. Calculate the remainder when n is divided by o.
6
Suppose 5*m + 11 + 74 = 0. Let s = 32 + m. What is the remainder when s is divided by 4?
3
What is the remainder when (60/(-25))/(4/(-70)) is divided by 4?
2
Let d = -18 + 30. What is the remainder when 13 is divided by d?
1
Let h = 29 - 9. What is the remainder when 37 is divided by h?
17
Suppose 2*w = -2*w + 200. Calculate the remainder when w is divided by 13.
11
Suppose -i + 0*i + 9 = 0. What is the remainder when ((-102)/(-9))/(8/12) is divided by i?
8
Suppose -20 = 2*s - 40. What is the remainder when 38 is divided by s?
8
Let p = -43 - -84. Suppose -11*c - 99 = -20*c. What is the remainder when p is divided by c?
8
Let m(q) = -11*q - 15. Let n be (-11)/(-2) + 2/(-4). Suppose -5*p + n*r - 52 = -147, -5*p + 90 = -4*r. Calculate the remainder when m(-5) is divided by p.
12
Suppose 0 = 2*n + 2, n = -5*v + 204 + 440. What is the remainder when v is divided by 33?
30
Let p = 53 + -18. Suppose -3*f - 2*f = -p. What is the remainder when 19 is divided by f?
5
Let w(z) = -z**2 - 9*z + 3. Let b be w(-9). Let f = b + -2. Suppose r - 10 = -4*c, -5*r - 11 = -c + 2. Calculate the remainder when c is divided by f.
0
Let t(q) = 2*q**2 + 13*q - 3. Let g(f) = -7*f + 1. Let u = 6 - 8. What is the remainder when t(-9) is divided by g(u)?
12
Let r = -35 + 55. Calculate the remainder when 37 is divided by r.
17
Let a(y) = y**2 - 7*y - 89. What is the remainder when a(14) is divided by 0 - 0 - (-3 - 0)?
0
Suppose 66 = 3*d - 6*d. Let q = 41 + d. Calculate the remainder when q is divided by 10.
9
Let c be (-8 + 14)*(-6)/(-4). Let z = -1 + c. What is the remainder when 13 is divided by z?
5
Let a(r) = -r**3 + 7*r**2 - 7*r + 8. Let p be a(6). Let n be (15/(-6))/(p/(-4)). Calculate the remainder when 25 is divided by ((-18)/5)/((-2)/n).
7
Suppose -3*v = -2*y - 107, -v + 4*v = -y + 95. Suppose 0 = 3*w - 3*u - 16 - 35, -5*u = 25. What is the remainder when v is divided by w?
9
Let l(a) = -15*a + 18. Let f be l(-9). Suppose -3*s + f = 30. Let b(m) = -6*m + 2. What is the remainder when s is divided by b(-2)?
13
Let v(l) = -l**3 - l**2 + l + 4. Calculate the remainder when (-1 + 2/(-2))*-5 is divided by v(-2).
4
Let c(h) = -23*h - 2. Let o be c(-3). Suppose 0*y + o = 2*a - 3*y, -4*y = 2*a - 46. Calculate the remainder when a is divided by 10.
9
Suppose -5*w - 12 = -9*w. What is the remainder when w is divided by 2?
1
Suppose 3*m - 17 = 5*f, -3*m + 16 = f - 13. Calculate the remainder when 4/10 + 489/15 is divided by m.
6
Let d(t) = -t**2 - 17*t - 24. What is the remainder when d(-9) is divided by 13?
9
Let y = 5 - 21. Let o = y - -27. Let l = 48 - o. Calculate the remainder when l is divided by 10.
7
Let c(n) = -3*n. Calculate the remainder when 35 is divided by c(-4).
11
Suppose k = 5*k + 3*r - 69, k - 3*r - 36 = 0. Suppose -z + 13 = -28. What is the remainder when z is divided by k?
20
Suppose -3*s = -4*h + 283, -h = 5*s - s - 47. Calculate the remainder when h is divided by 35.
32
Suppose -5*p = -3*j - 57, -p - 4*p = 3*j - 63. Suppose y + 0*y = -p. Let u = y - -28. Calculate the remainder when u is divided by 9.
7
Let p(u) = 5*u**2 - 12*u - 3. Calculate the remainder when p(4) is divided by 10.
9
Let d be -3 + 4/((-16)/(-60)). Let p(f) = f**3 - 13*f**2 + 12*f + 16. Calculate the remainder when 60 is divided by p(d).
12
Let n = -28 - -41. Suppose 4*q = -5*c + 59, 0 = -3*c + q + 2*q + 30. Let w = c - 6. Calculate the remainder when n is divided by w.
3
Let r = -9 + 5. Let u(m) = -4*m + 1. Calculate the remainder when u(-6) is divided by 6 - (r - (1 - 2)).
7
Let s = 25 - -18. Let l = 24 + -9. Calculate the remainder when s is divided by l.
13
Suppose m - 3 = 2. Suppose -4*t - 2*x + 4*x = -86, t + x = 29. Calculate the remainder when t is divided by m.
4
Suppose -5*a - 170 = 5*u - 40, 2*a - 2*u = -68. Let l = a - -61. Suppose -l = -3*n + 5. What is the remainder when 23 is divided by n?
11
Let r = 34 + 20. Calculate the remainder when r is divided by -2 - 3/(3/(-16)).
12
Suppose -22 = -s